3, what is 221001100202 - 1001200?
221000022002
In base 13, what is 149 - -4aa8?
4c24
In base 5, what is 111340214222 + -10?
111340214212
In base 14, what is da - 92d9?
-91dd
In base 16, what is -8e4c626 + -3?
-8e4c629
In base 15, what is -2619 + -4647?
-6c61
In base 6, what is 53 - -4045021?
4045114
In base 11, what is -1 + -24633098?
-24633099
In base 7, what is 5 + 132232240?
132232245
In base 13, what is 24 + -3326?
-3302
In base 9, what is -21363401 - -17?
-21363373
In base 3, what is -22202120200 + 210112?
-22201210011
In base 9, what is 2057 - 174400?
-172332
In base 13, what is 2780aba - c?
2780aab
In base 5, what is -2 + 1223311311?
1223311304
In base 14, what is 1b3a - 2569?
-82d
In base 14, what is 224bdb - 22?
224bb9
In base 16, what is 200e36bf - -4?
200e36c3
In base 5, what is 10012414 + 1021?
10013440
In base 3, what is -212112112 + -20011?
-212202200
In base 2, what is 1110100010100110100001 + -100?
1110100010100110011101
In base 14, what is 17a + -5980?
-5804
In base 9, what is -22613 + 8577?
-13025
In base 6, what is -10200333 - -150?
-10200143
In base 16, what is 6424 + -5400?
1024
In base 9, what is -15 - -1172771?
1172755
In base 4, what is -103331313 - -101032?
-103230221
In base 13, what is -153b18 - -3c?
-153aa9
In base 4, what is 3033031331111 + 0?
3033031331111
In base 6, what is 4 + -10133322?
-10133314
In base 6, what is 13 - 12343242200?
-12343242143
In base 13, what is -410c88a - -1?
-410c889
In base 12, what is -4843 - -190?
-4673
In base 8, what is -72 + -16141045?
-16141137
In base 6, what is 30 - -511505134?
511505204
In base 6, what is 4 - 132250030?
-132250022
In base 9, what is 1 + -4504663?
-4504662
In base 9, what is 28110263 + -14?
28110248
In base 15, what is 8 - eaa68?
-eaa60
In base 2, what is -10 - -1110011110001000011101?
1110011110001000011011
In base 6, what is -15 + -230210254?
-230210313
In base 3, what is 1100110002 - 10110222?
1012222010
In base 7, what is -2 - -213063161?
213063156
In base 15, what is 32 + -3ae80?
-3ae4d
In base 6, what is -20545301 + -54?
-20545355
In base 4, what is -202222 + -1121232201?
-1122101023
In base 14, what is 12bbada8 - 6?
12bbada2
In base 8, what is -45650603 + -3?
-45650606
In base 8, what is 263 - -471440?
471723
In base 13, what is 13 - 247b879?
-247b866
In base 8, what is -1 + -23013767?
-23013770
In base 14, what is 11 - -909ab?
909bc
In base 5, what is -3233414 - 2301?
-3241220
In base 16, what is 50dc7c - 1f?
50dc5d
In base 6, what is -11420 - 41?
-11501
In base 9, what is -42435644 - -6?
-42435637
In base 10, what is -8826089 - -5?
-8826084
In base 7, what is -60 + 16202433?
16202343
In base 14, what is 8 - 13244c7?
-13244bd
In base 12, what is 154 + 4499b6?
449b4a
In base 6, what is 2 + 1425434505?
1425434511
In base 2, what is -10100001 + 110010111011110101?
110010111001010100
In base 7, what is -200640342 + -4?
-200640346
In base 6, what is 1 + -15211002?
-15211001
In base 5, what is -11140433 + 1400?
-11134033
In base 13, what is c - 5343916?
-5343907
In base 2, what is 1110111000010110 - -110010001?
1110111110100111
In base 3, what is -1000101111100100 - -1211?
-1000101111021112
In base 16, what is 4 - 310c95?
-310c91
In base 6, what is -3 - -4120223214?
4120223211
In base 13, what is -593 + -9244?
-9807
In base 7, what is 3 + 14402114?
14402120
In base 10, what is -1035046 - -278?
-1034768
In base 14, what is -56 + -54cc?
-5544
In base 12, what is 2152331 + 4?
2152335
In base 10, what is 2 - 8113428?
-8113426
In base 6, what is -34 - 320133212?
-320133250
In base 15, what is -3 + 2dab55?
2dab52
In base 11, what is -2 + -145036aa?
-14503701
In base 5, what is -101412202121 - 34?
-101412202210
In base 13, what is 6377 - -91?
6438
In base 10, what is -3 + -3578023?
-3578026
In base 5, what is -2432 - 101020200?
-101023132
In base 5, what is -12 - 113141330?
-113141342
In base 4, what is -2002023203 + -22?
-2002023231
In base 13, what is 4113 - 8a62?
-494c
In base 5, what is -200431203 + 2?
-200431201
In base 7, what is 3 + -125201626?
-125201623
In base 16, what is -5 - -647438?
647433
In base 16, what is -25f + -8ae?
-b0d
In base 7, what is 105 - -45331?
45436
In base 5, what is 2402032130 + 43?
2402032223
In base 5, what is 20 + -1400304311?
-1400304241
In base 6, what is 2022011 - 1?
2022010
In base 9, what is -5172683 - -5?
-5172677
In base 4, what is -3 + -111300300311?
-111300300320
In base 16, what is cebb7 + 612?
cf1c9
In base 14, what is 1a + aa4d5?
aa511
In base 9, what is 761 + 31104?
31865
In base 12, what is a72901 - -a?
a7290b
In base 5, what is -2234041 - 1124?
-2240220
In base 13, what is 1b7 - 5880c?
-58625
In base 5, what is 23413204 + -221?
23412433
In base 12, what is -73 - 550922?
-550995
In base 4, what is -130233102 + -1202?
-130300310
In base 6, what is -153 - -244322?
244125
In base 13, what is 292981 - 161?
292820
In base 13, what is -173 - 22205?
-22378
In base 6, what is 14013345 + -104?
14013241
In base 4, what is -232003 + -303333?
-1202002
In base 3, what is 0 - 12100122111220222?
-12100122111220222
In base 2, what is 10101001101 + 10110001001100?
11000110011001
In base 14, what is 2 + -49c552b?
-49c5529
In base 8, what is 53062 + -107726?
-34644
In base 2, what is 10 - 10000011101100111010010?
-10000011101100111010000
In base 3, what is -11210022120202200 + -11?
-11210022120202211
In base 3, what is 20 + -122010120211201?
-122010120211111
In base 5, what is -442112231 - -3?
-442112223
In base 5, what is -1312241 - 243112?
-2110403
In base 13, what is 26 - 209cb1?
-209c88
In base 11, what is 25 + -71613a?
-716115
In base 6, what is 5 + 1123125050?
1123125055
In base 3, what is 121 - 220021002200?
-220021002002
In base 11, what is -77 - 405225?
-4052a1
In base 13, what is -46c800 + -2?
-46c802
In base 13, what is 4093 - -319b?
7261
In base 6, what is 1505153 - -22010?
1531203
In base 12, what is 5906548 - a?
590653a
In base 8, what is -24 + 35225776?
35225752
In base 10, what is 4 + 100694381?
100694385
In base 2, what is -100000111110000100110101 + 0?
-100000111110000100110101
In base 8, what is 6 + -17223200?
-17223172
In base 4, what is -10 - 3202121322030?
-3202121322100
In base 16, what is 341a8b - c?
341a7f
In base 15, what is 151c5bc - 3?
151c5b9
In base 2, what is -1110 - 10001001001001000?
-10001001001010110
In base 12, what is -a0 + -21b883?
-21b963
In base 5, what is 30440233 - -114?
30440402
In base 15, what is 27101 - a4a?
265a6
In base 13, what is 812 + 10cb?
1910
In base 3, what is -210 - 100001002201120?
-100001002202100
In base 12, what is 3627b4 + -12?
3627a2
In base 9, what is -850382 + -27?
-850420
In base 9, what is 21 - 27460507?
-27460476
In base 2, what is -110111101010110011100001 - -10?
-110111101010110011011111
In base 3, what is -20 + 22021002020021?
22021002020001
In base 8, what is 3314 - 2537?
555
In base 15, what is -4c - 61785?
-617d2
In base 2, what is 111 - -1101111101101111000111100?
1101111101101111001000011
In base 7, what is 2243100545 - -4?
2243100552
In base 14, what is 19 + 17a8a8?
17a8c3
In base 14, what is -203 - -361aa?
35da7
In base 7, what is 164 - -1643120?
1643314
In base 12, what is -7ab68a + b?
-7ab67b
In base 16, what is 556e52 - -7?
556e59
In base 6, what is -214311 + 201504?
-12403
In base 16, what is a - 517649?
-51763f
In base 6, what is 35 - -10002131?
10002210
In base 14, what is 3d41 + 1428?
5369
In base 11, what is 526 + 114674?
11509a
In base 7, what is -31110034 + 16?
-31110015
In base 11, what is -283713aaa - 0?
-283713aaa
In base 5, what is 4244402 + -11033?
4233314
In base 12, what is -47834 + 910?
-46b24
In base 11, what is -35 - -23594?
2355a
In base 8, what is -11132 + 11216?
64
In base 12, what is -3 - 13439878?
-1343987b
In base 4, what is -1121331 + 221131?
-300200
In base 13, what is 427c - -5b2?
4861
In base 2, what is 100111110111000111001100110001 + 0?
100111110111000111001100110001
In base 12, what is b + 2728466?
2728475
In base 11, what is 19739 - -9?
19747
In base 5, what is 2343040 - 444?
2342041
In base 4, what is -331211130031 - 2?
-331211130033
In base 10, what is 639 + -481692?
-481053
In base 2, what is -1001010010011 + 10101000000110?
1011101110011
In base 11, what is 14 + -563916?
-563902
In base 14, what is 288a634 - 6?
288a62c
In